9*n - 2855 = 4426. What is the remainder when ((-178)/8)/((-1)/8) is divided by n?
7
Let b(l) = 45*l**2 - 43*l + 6. Calculate the remainder when b(4) is divided by 118.
82
Suppose 3*j + 4*d - 192 = 0, 128 = 12*j - 10*j - d. Suppose -55 - j = -x. Calculate the remainder when x is divided by 8.
7
Let r be (-8)/(-5 + 1) + 14/14. Let i(v) = -4*v + 21. Calculate the remainder when 69 is divided by i(r).
6
Suppose -d - 8 = 4*r, 4*d + 2 = -0*d - r. Suppose -4*p + 5*l + 248 = d, 5*p = l - 6*l + 355. What is the remainder when p is divided by 17?
16
Suppose -153*t + 35 = -146*t. Suppose 60 = 4*v - t*c - 1, c - 22 = -v. Calculate the remainder when 46 is divided by v.
8
Suppose 29*n = -39*n + 21*n + 2726. Calculate the remainder when n is divided by 938/77 - 2/11.
10
Let q = 30700 - 30643. Suppose -3*b - 2*b + 565 = 0. What is the remainder when b is divided by q?
56
What is the remainder when 18978 is divided by (11 - -8*(-58)/40)*-185?
108
Let z = -32 - -43. Suppose -588 = -18*o + 348. Calculate the remainder when o is divided by z.
8
Let q = 211 - 91. Suppose 0 = 35*w - 33*w - q. Let i = 20 - 7. Calculate the remainder when w is divided by i.
8
Let j(a) = 6*a + 1. Suppose -7115 = -15*t - 287*s + 292*s, -t + 3*s + 477 = 0. Calculate the remainder when t is divided by j(4).
24
Let o be 10/15 + (-10)/15. Suppose o = -27*l + 34*l - 217. What is the remainder when l is divided by 8?
7
Suppose -4*t + 3*h + 218 = 0, 3*t - 118 - 54 = -2*h. Suppose d = 3*c - 114, 2*c - 102 = -c - 3*d. Let r = t - c. What is the remainder when 73 is divided by r?
16
Suppose 0 = -387*c + 375*c + 708. Calculate the remainder when 364 is divided by c.
10
Suppose -6 = -r - 3. Let n be ((-1)/((-9)/30))/(2/r). Suppose 7 = -n*b + 27. Calculate the remainder when 5 is divided by b.
1
Let v = 13 + 0. Let g = 21 - v. Suppose -17*u - g = -18*u. What is the remainder when 30 is divided by u?
6
Let t be -145*6/((-180)/6). Suppose 6*g + t = 83. Calculate the remainder when 30 is divided by g.
3
Suppose 5*z - 2*k = 405, -2*z + 6*z - 4*k = 336. Suppose -33 = -5*d + 2. Calculate the remainder when z is divided by (d/(245/(-56)))/(4/(-50)).
19
Suppose -3*q + 6 = -6. Suppose -5 + 17 = q*j. What is the remainder when 47 is divided by ((-2)/j)/((-16)/312)?
8
Let t(h) = h + 2. Let m be t(0). Suppose 5*f - m*f = -24. Let p = f - -22. What is the remainder when 23 is divided by p?
9
Let i(o) = 62*o - 2920. Calculate the remainder when i(60) is divided by 38.
2
Let d = -175 + 187. Suppose 314 = -d*r + 1382. What is the remainder when r is divided by 7?
5
Let m(k) = -352*k - 4293. Calculate the remainder when m(-15) is divided by 43.
41
Let f(y) = 6*y**2 - 5*y + 3. Suppose -2*t + 0*t + 393 = 3*v, -2*v = -4*t + 810. Let b = t + -192. Calculate the remainder when f(3) is divided by b.
6
Calculate the remainder when (14/56)/((-4)/16) + 0 + 700 is divided by 342.
15
Suppose h = -4*b + 504, 136*b - 132*b + 5*h - 488 = 0. Calculate the remainder when b is divided by 63.
1
Let x = 10 - 0. Let k(s) = -s**3 + 13*s**2 - 9*s - 13. Suppose -g + 20*z - 25*z - 13 = 0, 75 = 5*g - 3*z. What is the remainder when k(g) is divided by x?
3
Let q(x) = 20*x + 0*x - 24 + 4*x + 9*x + 2*x**2. Let p be q(-17). What is the remainder when 79 is divided by ((-4)/3)/((-2)/3) - p?
7
Suppose 5*s - 62 = 3*p, -4*s - 7 - 25 = p. Suppose 109 + 65 = 29*u. Let x = u - p. What is the remainder when x is divided by 10?
0
Suppose 0 = -2*x - 2*f - 26, 40*f - 43 = 3*x + 45*f. Let t(o) = 3*o + 26 - 2 - 2*o. Calculate the remainder when t(x) is divided by 7.
6
Let o be (7 - 1) + -1 + (-2)/(-1). Suppose 0 = 2*a - 5*a + 3*t + 3, a + 5*t - o = 0. What is the remainder when ((-49)/14)/((-1)/a) is divided by 2?
1
Let t = -39157 + 39306. Calculate the remainder when t is divided by (-148)/(-12) - (-2)/3.
6
Let g = -6202 - -6219. Suppose 4*j = -3*d + 159 - 35, 60 = 2*j + 2*d. Let c = j + 13. Calculate the remainder when c is divided by g.
13
Suppose 5*c + 31252 = g, 537*c = 3*g + 542*c - 93616. What is the remainder when g is divided by 223?
220
Suppose -51*i = 182*i + 74*i - 318052. Calculate the remainder when i is divided by 173.
171
Let t(f) = -12*f - 22. Let z(h) = -h**3 - 2*h**2 + h - 5. Let o be z(-2). What is the remainder when t(o) is divided by 13?
10
Let z = -1154 + 677. Let a = 502 + z. What is the remainder when 124 is divided by a?
24
Suppose 0 = -4*z - 99*k + 104*k + 1396, 0 = z + 5*k - 349. What is the remainder when z is divided by 20?
9
Suppose -l - x + 10 = 2*l, 2*x - 10 = -l. What is the remainder when 62 is divided by (306/24 - -5) + l/8?
8
Let z = 15 - 2. Let v = z + 19. Suppose -5*s = 5*l - 510, -4*s - v + 458 = -5*l. What is the remainder when s is divided by 35?
34
Let s be -72 + 31 + 2*3. Let o(y) = 5*y - 12. Let d be o(6). Let l = d - s. Calculate the remainder when l is divided by 11.
9
Suppose -11*s = -6*s - 10. What is the remainder when 29 + (4/2 - 1) is divided by (s + -8)*6/(-3)?
6
Let y(v) = -13*v**2 + 5*v + 1. Let q = -21 - -17. Let x be y(q). Calculate the remainder when x/(-9) + 1 - (-6)/(-27) is divided by 14.
12
What is the remainder when 149 is divided by ((-3)/2 + (-1)/(-2))*(5 - 43)?
35
Suppose -40*j = -32*j - 768. What is the remainder when j is divided by (-258)/(-18) - 1/3?
12
Suppose -134*s - 1931*s + 47495 = 0. What is the remainder when s is divided by ((-4)/10)/1*-25?
3
Suppose -19*x = -39*x + 17120. What is the remainder when x is divided by 280?
16
Let s = -238 - -290. What is the remainder when 122 is divided by s?
18
Let i(l) = 721*l + 2925. What is the remainder when 942 is divided by i(-4)?
40
Let f(w) = 9*w + 7. Let g be f(3). Suppose -40 = -2*j - g. Suppose j*a + 246 = 9*a. What is the remainder when a is divided by 15?
11
Let l = 9259 + -8043. Calculate the remainder when l is divided by 203.
201
Suppose -h = -5*p - 1869, -38*h + 33*h = -4*p - 9219. What is the remainder when h is divided by 184?
183
Suppose -4*f - 306 = -322. Suppose 32 = f*a - 2*b, -b + 46 = 5*a - 2*b. Suppose -2*c + 74 = -3*z, -4*z = z + a. What is the remainder when 96 is divided by c?
28
What is the remainder when (-6)/4 - -3 - 141658/(-44) is divided by 11?
9
Suppose -7*l = -2267 - 1926. Let s = l - 266. What is the remainder when s is divided by 7?
4
Let l(u) = -4*u - 43. Let w be l(-10). What is the remainder when 351 is divided by (6 - 162/(-9))*w/(-4)?
9
Let f = 10597 + -10549. Suppose -5*r + 925 = 230. Calculate the remainder when r is divided by f.
43
Suppose u = -3*u. Suppose u = -2*j + 3*j - 93. Let g(x) = 829*x - 23180. Calculate the remainder when j is divided by g(28).
29
Let m = 271 + -218. What is the remainder when 1272 is divided by m?
0
Let k = 16 - -26. Let s(u) = 2*u**3 - 44 + u**2 - u - k + 90. Calculate the remainder when 86 is divided by s(2).
20
Let h be 2/11 + (-341)/(-121). Suppose 2*g - 3*j = h, 6*j + 5 = g + 8*j. Suppose -g*i = 0, -f = -i - 49 + 5. What is the remainder when f is divided by 23?
21
Let x = -1161 - -1190. Suppose a + 2 = 5*y - 5, -5*a + 3*y = -9. Calculate the remainder when x is divided by a*(4 - 2) + -2.
1
Suppose 0 = 24*d - 26*d + 2*g + 42, -2*g = -5*d + 105. Let o = 460 - 420. What is the remainder when o is divided by d?
19
Suppose -140*d = -141*d + 676. What is the remainder when d is divided by 166?
12
Suppose 4*k + 0*y + 5*y - 73 = 0, 5*k = -2*y + 87. Suppose 5*w + 933 + 2252 = 0. Let t = 719 + w. What is the remainder when t is divided by k?
14
Suppose 2*a - 1102 = -33*s + 28*s, -573 = -a + 3*s. What is the remainder when a is divided by 184?
9
Let g(b) = 69*b**2 - 4. Let c be g(2). Suppose -6*i + 5*i = -3*p - c, -i + 275 = -4*p. What is the remainder when i is divided by 12?
11
Let b(z) = z**2 - 2*z - 7. Calculate the remainder when ((-204)/(-306))/((-4)/(-486)) is divided by b(-5).
25
Suppose -3*d - 6 = 0, 2*d - 4*d - 252 = -4*f. Let s = f - -22. What is the remainder when (2 + 1)/((-3)/3) + s is divided by 12?
9
Suppose -52*u - 679 + 1137 = -1102. Calculate the remainder when 5233 is divided by u.
13
Let i be (-11)/2*(12 - 14) + -4. Suppose -g - 5*z + i = -10, g - 15 = -4*z. Calculate the remainder when (21/(-14))/((-1)/18) is divided by g.
6
Suppose -322*y - 1171 = -327*y + 389. What is the remainder when 997 is divided by y?
61
Suppose 5*h - 8*p + 5*p = 3433, 0 = 3